-1 - (-14 + 34 + -24))) + 10.
-56
What is the value of 0 + 0 - (-2 + 1 + -5) - (-19867 + 19856)?
17
What is the value of 54 + (-73 - -36) + 11?
28
Evaluate -46 + 3 + (0 - (4 + -2)).
-45
Evaluate -14 + (-8 - (-35 - -4)) + -6 + 0.
3
Evaluate 20 - (-2 - -4) - (-354 + 384).
-12
Evaluate 0 + -2 + 138 + (-490 - -47 - -426).
119
What is the value of 1 - 81 - (-10512 + 10354)?
78
Evaluate 12 + -9 + -4 + (3 + -3 - 47).
-48
What is the value of -176 + 3 + 33 - -60?
-80
Evaluate 0 + 8 + 1 + (103 - (51 + 40)).
21
What is the value of 46 - (200 - 25 - 67)?
-62
What is (-3 - 38) + (-4053 - -4100)?
6
Calculate 13 + -46 + 1 - -15.
-17
Calculate -238 + 267 - (78 - -7).
-56
(80 - 181) + 147 + -1 + -18
27
What is -1 - (2 - (1 + 17)) - -2 - (108 + -101)?
10
What is the value of -159205 + 159194 + (1 - 1 - -19 - 0)?
8
What is the value of -20 - (-35 + 24 + 14 + -108)?
85
What is (51 - (-3 + -5 - (-56 + 65))) + -1?
67
What is the value of 20 + (116 - (47 - -76))?
13
691 + -668 - (16 - 6)
13
(-3 - -8) + -49 + -737 + 766
-15
What is -90 + (-91 - -340) + -69?
90
Calculate 1 + (14 + 2 + -7 + -4 - -7) - 5.
8
-6 + 44 + -23 + 2 + (6 - 2)
21
Calculate -25 + -47 + 127 - 77.
-22
-170 + 30 - (-35 + -44 + 36)
-97
Calculate 1 + 16 - (-1971 - -2023).
-35
What is the value of 91 + 23 + -49 - (10 + 8 + -7)?
54
Evaluate 9 + 4 + (-61 - -9) + 24.
-15
Calculate (-13 - (3 + -98) - -29) + -31.
80
What is the value of (3 - 2) + -6 - (248 + -306) - 12 - 7?
34
Evaluate (30 - (-30 - -7)) + -30.
23
(-27 - -8) + 5 + 4 + 43
33
What is 19 + (-103 - -79 - (-16 - 2))?
13
What is (-3 - (-9 - 59)) + -35 + -25?
5
Calculate 4 - (11 + -5 + -2 + -3) - (-2 - -98).
-93
Evaluate (1 - -2) + 2 - (-2419 + 2428).
-4
Evaluate (-81 - 5) + (-41 - -92 - 59).
-94
Calculate -18 + (-48 - -33) + (-3 - -2).
-34
-15 + -12 + -11 + 149 + -163
-52
What is the value of -52 - ((-7 - 3) + -2 + 12 - -7 - 1)?
-58
Calculate 194 + -80 + -77 + -24.
13
What is the value of 4 + (-63 - -148) + -1 + 33?
121
What is the value of (44 - 144 - -90) + 20?
10
Calculate 127 + -113 - (67 - 27).
-26
What is -8 + (29 - 14) + -25 + 22?
4
1 + -8 - (2 + -14 - (-866 - -925))
64
What is the value of 30 + (-18 - -103) - 29?
86
What is -8 + (-79 + 192 - (5 - -13))?
87
-275 + (33 - -90) + 197
45
What is the value of 46 + -53 + -43 + 78?
28
Evaluate 1 - 61 - (86 + -91 - (-5 - (1 + -3))).
-58
-14 + (1 - -4) + -81 + 78
-12
97 + -65 + (51 - 54)
29
What is 13 + -1 - (-7 - (13 + (12 - 6)))?
38
What is the value of 15 + 24 + -41 + 6 + -6 + 6 - 107?
-103
What is (2 - -14) + (48 - 66) - 12?
-14
What is the value of -2 + 13 + ((13 - 37) + 8 - -7 - 67)?
-65
What is the value of -118 + 82 - 34 - -65?
-5
What is the value of -42 - (-9 - (-4 + (10 - (6 - -1))))?
-34
Evaluate 45 + -32 + -14 + -1 + 28.
26
What is the value of -2 + (-6 - -6) + (2 - -6) + -11 - -44?
39
What is the value of (15 - (-17 - (9 + -55 + 9))) + -10?
-15
-21 + 47 + -33 - (-13 - -5) - (80 + 1)
-80
What is the value of -422 + 340 - (-6 + -15)?
-61
What is (18 - (28 + 0 - 15)) + (-4 - 2) + 7?
6
What is 8 + -25 + (5 + -3 - -4)?
-11
-29 + -5 + -7 + -28 + -18 + 35
-52
Calculate 15 - 84 - -205 - (5 - (1 + -5)).
127
Calculate (-20 - (20 + (-13 - 42))) + (73 - 4).
84
What is the value of -10 + (-66 - -78 - -20)?
22
What is (10 - -77) + -38 - (-10 + 20)?
39
What is the value of -9 + -1 - (-39 - -90 - (-1 - -49))?
-13
What is the value of 4 + -3 + 74 - 31?
44
Evaluate -2456 - -2410 - (-50 + -1).
5
23 + (-26 - 21) + (36 - -17)
29
Evaluate (-2 - -14) + (-1 - (13 + (17 - 5))).
-14
Evaluate -10 + (13 + -8 - 10) + -42.
-57
Calculate 27 + -42 - (14 - 7 - -19).
-41
What is 16 + -1 - (9 - (-5 - (-11 - -4))) - 80?
-72
What is (-1 + 0 - -3) + -8 + 11 - (-1074 - -1101)?
-22
Calculate 7 + 3 + -25 + 16 + -3 + 57.
55
Calculate (-22 + 6 - 4) + -699 + 680.
-39
What is (-18 - -43 - -95) + (2 - 38)?
84
Calculate -26 + (45 - 161) - -274.
132
Evaluate 85 + (0 - -11 - ((3 - 16) + -2 + 27)).
84
Evaluate 12 + 10 + 3 + (-47 - (-30 + 0)).
8
What is the value of 22 + -38 + -8 - ((-9 - -5) + 20)?
-40
Calculate 10 + 1 - (9 + (6 + 15 - 2)).
-17
1311 + -1255 - (0 + 26) - (12 + (0 - 2))
20
What is the value of 55 - (37 + 31 + 26)?
-39
Calculate 48 + (0 + 7 + -4 + (-66 - -49) - -2).
36
What is -31 + (28 - -47) + -60?
-16
Evaluate -40 - (3 + 1 + -54 + 7 + 54).
-51
-11 + 29 + -13 - -10 - 44
-29
What is the value of 5 - (-10 + (-11 - -24) + -41)?
43
0 + 31 - (-1261 + 1267) - 95
-70
Calculate 59 - (51 - (-45 - -50)).
13
What is -25 - (50 - (-20 - (-26 + -52)))?
-17
Evaluate 17 + (25 - (45 - -2)) + 41.
36
What is (16 - (-130 - -136)) + (-1 - -81) + 0 + -2?
88
What is the value of -17 + -25 + (66 - 18)?
6
(-3 - (7 - 5)) + (23 + 14 - 29)
3
Calculate (8 - -6) + -31 + (-14 - 4 - 9).
-44
Calculate 28 + -51 + (3 - 0) - (29 + 5).
-54
What is the value of 16 + -64 + 62 + (2 - 38)?
-22
80 + 99 + -58 + -80
41
-38 + -28 + 49 + 10
-7
What is the value of (1936 - 2000) + (4 + -2 - 31)?
-93
What is the value of 31 - (39 - (-5 - 5))?
-18
What is the value of 21 + 22 + (8 - 15) + -6 - (10 - 1)?
21
What is 4 - (-34 - (20 - 41))?
17
Evaluate 408 + -414 + (42 + -4 - -2 - -1).
35
What is (3 - 9) + 3 - (-19 + -13) - (0 + 1)?
28
What is the value of -30 - -5 - (-2115 - -1981)?
109
Evaluate (-15 - (-3 + -35) - 3) + 11.
31
Evaluate 0 + 1 + 32 + -2 - ((-32 - -16) + 11).
36
What is the value of -47 - (13 - (43 + -25))?
-42
Evaluate 1 - -2 - (13 + -14) - (-21 - (-77 - -86)).
34
Evaluate 5 + -51 + 96 + 15 + 4.
69
Evaluate 27 + (3 - 7) + (110 - 121).
12
Calculate 5 + -9 + (14 - (-20 + 16)) + (0 - 21).
-7
What is 14 + -31 + 19 + (32 + -10 - 8)?
16
-37 + 25 + -2 + 41 + 5
32
What is the value of 1 - 118 - (11 + 71 - 69)?
-130
-30 + 10 + (39 - 36) + 23 + 1
7
What is the value of -6 + -58 + (58 + -48 - (2 + -6))?
-50
Calculate (2 - 3 - -1) + 427 + -465.
-38
What is the value of 665 + -606 - (-58 + -1)?
118
What is the value of 6 + (-73 + 161 - 91) + 1 + (-2 - -30)?
32
What is -129 + 37 + (7 - 14)?
-99
-29 + -163 + (263 - 104)
-33
What is -1 + -2 + -1 + 0 + -2 - (35 + 2)?
-43
Calculate 19179 - 19255 - (-2 - -47).
-121
Calculate -22 + -1 - ((26 - 51) + 37).
-35
What is the value of 2 - -54 - ((10 - (11 - -27)) + 38)?
46
Evaluate (447 - 448) + (89 + -3 - -10).
95
13 - (31 + -56 + 6 + 114 + -1)
-81
Calculate -12 + (-3 + -17 - -3) + -12 + -6.
-47
What is the value of -227 + 103 - (18 - (-5 + 20))?
-127
What is -30 - (-147 + 23 + -31 + 26)?
99
Evaluate (8 - (17 + -23) - (22 - -2)) + -14.
-24
Calculate (5 - 2) + 27 + 4 - -8.
42
What is (40 + -18 - 71) + -12 + 24?
-37
Calculate (4 - 1) + 7 - (-17 - (-23 + 22 + -22)).
4
What is 37 + -56 + -44 + (3 + -20 - 0)?
-80
(-8 - (6 - (-9 + 34)) - 4 - 19) + -84
-96
-221 + 195 - (-23 - (-4 - -4))
-3
Evaluate -3 + -33 - ((14 - (10 + -12 + -1)) + -8).
-45
What is the value of (21 - 22) + 7 + -1 - (-24 + 89)?
-60
What is 3561 - 3530 - (0 - 90)?
121
Evaluate -1668 + 1682 + (-28 - -1).
-13
What is (16 + (-2 - 5) - (100 - 90)) + 7?
6
What is the value of -2771 + 2775 + (-89 - 2)?
-87
-25 - (-105 - (5 - (10 + 13)))
62
Calculate 8 - ((16 - 18) + (37 - -2) - -6).
-35
-2 + 9 + -3 + -1 + -89 + 72
-14
Calculate (0 - 2) + (628 + -649 - (-23 - -1) - 3).
-4
58 + -112 + 7 + 8
-39
-9 + ((36 - 37) + (0 - 4) - -12)
-2
Evaluate -13 - (-61 - -150 - (-3 - (-5 - -1) - 3)).
-104
Evaluate 0 + -9 - (-42 - (12 - (30 + -14) - 20)).
9
Calculate 0 + 11 - (-1 - 3 - (171 + -168)).
18
Calculate -4 + -1 - (423 - 441 - (-13 - 2)).
-2
-49 + 21 + -28 + -5 + (-2 - -2 - -18)
-43
What is 19 + -6 + (2 - 13) + -11 - -12?
3
Calculate -59 + 56 - ((-37 - (-2 - -5)) + 2).
35
Evaluate 5 + 2 + -1 + 25 + (3 - (-9 + 19)).
24
Evaluate -6 - -1 - (-72 - (51 - 81)).
37
What is 41 + (-1 + (1 - 1) - ((94 - -13) + -104))?
37
Calculate (0 - 6) + (2 - -41) + -9.
28
What is the value of 3 - (7 + 21 + -15) - (6 - -8)?
-24
What is the value of 19 - (23 + (-40 - (19 - 35))) - -79?
99
(-18 - (-22 + -12)) + -27
-11
Evaluate -32 - (29 - (-66 + 183)).
56
Calculate 5 + -2 + -10 + -28 + 12 + -36.
-59
Calculate 66 + (-47 - 8) + -8.
3
60 + -21 + -1 + -37 + (-3 - -1) + -109
-110
Evaluate -2 + -12 + (-13 - 14) + 70.
29
-8 + (-12 - 0) + (225 - 223) - 14
-32
What is the value of -65 - -51 - (344 + -236)?
-122
Calculate 44 + 2 + (-4 - 59) + 58.
41
-41 - (290 + -295 - (1 + 7))
-28
Calculate (-4 - 17 - 5) + (-18 - 12